/(-10)). Suppose 0 = -p*g + 53 + 139. What is the remainder when 127 is divided by g?
31
Let x = -238 + 303. Let n = 110 - x. What is the remainder when 88 is divided by n?
43
Let x = 43 + 267. Suppose 3*o + 26 = 65. Calculate the remainder when x is divided by o.
11
Suppose 4*k = z + 131, -5*z + 13 - 8 = 0. Suppose -k*x + 1899 = 183. What is the remainder when x is divided by 14?
10
Let j = 18927 + -18894. What is the remainder when 16761 is divided by j?
30
What is the remainder when 120 is divided by 11 + 499/8 + 3/(-8)?
47
Let i = 1873 - 1812. What is the remainder when 64 is divided by i?
3
Let a(d) = d**3 - 145*d**2 - 294*d + 153. What is the remainder when 167 is divided by a(147)?
14
Let j(u) = 67*u**3 - 2*u**2 + u. Calculate the remainder when j(1) is divided by 159/(-106)*14/(-3).
3
Suppose -120*n - 64377 = -431*n. What is the remainder when n is divided by 5?
2
Let b(x) = -10*x - 13. Let g(h) = -29*h - 40. Let c(v) = -17*b(v) + 6*g(v). Let n be c(-6). What is the remainder when 7 is divided by -2*-3*n/30?
0
What is the remainder when ((-1340)/30)/((-477)/(-162) + -3) is divided by 12?
0
Suppose 5*k - 56 = 49. Let u be ((-10)/25)/((-2)/65). Suppose -2*z + 188 = 4*p, -9*z + 3*p - 396 = -u*z. What is the remainder when z is divided by k?
18
Let a(s) = -4*s**3 + 6*s**2 - 13*s + 23. Let h be a(3). Let o = h + 80. Calculate the remainder when o is divided by 4.
2
Let s = -604 - -1062. Let l = -432 + s. What is the remainder when l is divided by 10?
6
Let h = 8385 + -7532. Calculate the remainder when 872 is divided by h.
19
Let c = 4 + 8. Let b = -8237 + 8810. What is the remainder when b is divided by c?
9
Suppose -8*a = 816 - 1088. What is the remainder when 127 is divided by a?
25
Suppose 15*z - 13396 = -19*z. Let p = z - 381. What is the remainder when 24 is divided by p?
11
Let y(p) = -2*p**2 + 18*p + 30. Let b be y(-5). Let w = b + 133. Let o = -11 + 17. What is the remainder when w is divided by o?
5
Calculate the remainder when ((-3)/((-36)/622))/(42/252) is divided by 35.
31
Let g(y) = -y + 12. Let k be g(9). What is the remainder when 57 - (k*3 - (-20)/(-5)) is divided by 27?
25
Let l = -75 + -112. Let x = 227 + l. Calculate the remainder when 199 is divided by x.
39
Let h(u) = -17 + 8 - 16 - u**2 + 12*u + 0*u**2. Let f be h(6). Suppose -f*r = -8*r - 21. Calculate the remainder when 19 is divided by r.
5
Let y = 19133 - 19132. What is the remainder when 382 is divided by y?
0
Let c(z) = -z - 1. Let t(n) = -4*n**2 + 68*n + 29. Let m(w) = -2*c(w) - t(w). What is the remainder when 26 is divided by m(17)?
5
Let p(s) = 2*s**2 - 62*s - 47. Let a be p(32). Calculate the remainder when a/170 - (-2667)/30 is divided by 8.
1
Suppose 215*b = 220*b - 65. Let s(k) = 3*k - 28. Let x(u) = u**3 - 7*u**2 + 5*u - 10. What is the remainder when x(7) is divided by s(b)?
3
Suppose -u = 2*d + 18, -5*u - 16 = -d - 3. Calculate the remainder when 43 is divided by (4/d)/(6/(-42)).
3
Let r(b) = -2*b. Let p = 36 + -40. Let l be r(p). Suppose -48 = -l*i + 6*i. Calculate the remainder when 119 is divided by i.
23
What is the remainder when 133 is divided by 42/4*14/(-6)*(-288)/144?
35
Let p be 2*(6 - 1)*2. Suppose -p*c + 23*c - 12 = 0. Let j = 1 - -3. Calculate the remainder when j is divided by c.
0
Let c be 5012/91 + (-1)/13. Suppose -5*g = 25, c + 14 = m - g. Calculate the remainder when m is divided by 52.
12
Suppose -5*k - m + 98 = 15, 3*k + 4*m - 43 = 0. Suppose 180 = k*o - 2*o. Suppose -4*x + 138 = -138. Calculate the remainder when x is divided by o.
9
Let b be 10/(-15) + 98/3. Suppose 4*i = b - 128. Let y = -20 - i. What is the remainder when y is divided by 4?
0
Suppose -6*v + v - 2502 = 4*h, -5*h = -3*v + 3146. Let s = h + 664. What is the remainder when 207 is divided by s?
27
What is the remainder when 910 is divided by (12/(-36) + 14/6)*88?
30
Suppose 11 = 6*d + 29. Let r be (2/d + 2)/(5/(-60)). Calculate the remainder when 12 is divided by (r/10)/((-42)/105).
0
Suppose -4*f + 12 + 96 = 5*f. Calculate the remainder when 146 is divided by f.
2
Let u(j) be the third derivative of j**5/60 - j**4/2 + 9*j**2. Suppose -47*o = -5*o - 504. What is the remainder when u(15) is divided by o?
9
Let k be ((-23)/(-4))/(231/28 - 8). Suppose -1437 = -k*h + 1461. What is the remainder when h is divided by 35?
21
Let d(s) = s**3 - 18*s**2 - 16*s - 35. Let x be d(19). Suppose -4*m + 3*r + 1170 = 0, -x*m + 20*m + 580 = r. Calculate the remainder when m is divided by 14.
11
Suppose 13*z - 11*z = 82. Let f = z - 41. Let x(w) = w**2 - w + 7. What is the remainder when 11 is divided by x(f)?
4
What is the remainder when (-476)/5*(-740)/296 is divided by 64?
46
Let o(t) = 2*t**2 + 3*t - 587. Calculate the remainder when o(-23) is divided by 190.
22
Calculate the remainder when 222 is divided by ((-4949)/147)/((-2)/6).
20
Let p(f) = 688*f + 19. Let i be p(-1). Let r = i + 1131. What is the remainder when r is divided by 93?
90
Let l(j) = -j + 1. Let i(r) = 19. Let m(s) = i(s) - 3*l(s). What is the remainder when m(21) is divided by 19?
3
Let o(p) = 29*p**3 - 6*p**2 - 3*p + 11. Calculate the remainder when 619 is divided by o(2).
193
Let v = -32027 - -32121. Calculate the remainder when 1404 is divided by v.
88
Suppose -20*b = 9*t - 17*b - 288, -2*t + 54 = -b. Calculate the remainder when 163 is divided by t.
13
Let j = 34 + -2. Suppose 2*v - 1 - 5 = 0. Suppose v*i = -4*g + 69, 5*i = 4*g + g - 95. What is the remainder when j is divided by g?
14
Let t = 25 - 4. Suppose -2*y = -0*y + 3*a + 13, 0 = -16*y + 2*a + 78. Calculate the remainder when t is divided by y.
1
Suppose 11*v + 46*v - 1470 = -102. What is the remainder when 207 is divided by v?
15
Let p(j) = -1188*j + 2501. Calculate the remainder when p(2) is divided by 28.
13
Suppose 53*n = 46*n + 1064. What is the remainder when 35 is divided by (n/20)/(12/30)?
16
Suppose -3*a + 3*c - 12 = 0, -7 = -a - a - c. Let h = 2443 + -2433. Calculate the remainder when h is divided by 2 - (0/a - 1).
1
Suppose -3*w + 7*k - 12*k + 263 = 0, -3*k - 231 = -3*w. What is the remainder when w is divided by 23?
12
Suppose 2*x + 389 - 425 = 0. Suppose x*m - 22*m + 156 = 0. Suppose -2*t = t - 33. Calculate the remainder when m is divided by t.
6
Let c be ((-37)/3)/(200/(-48) + 4). Let p = 73 - c. What is the remainder when ((-6)/2)/(p + (-205)/(-220)) is divided by 26?
18
Let b(z) be the first derivative of 2*z**3/3 + 31*z**2/2 + 23*z + 216. What is the remainder when b(-19) is divided by 16?
12
Let r(f) = -3*f + 8. Let u be r(-11). Let o = -41 + u. Suppose o = 2*p - 233 + 71. Calculate the remainder when p is divided by 12.
9
Suppose 12*s - 5*s - 3157 = 0. Let b = s - 418. What is the remainder when 125 is divided by b?
26
Let i be 806/((20/(-2))/5). Let v = 678 + i. What is the remainder when v is divided by 20?
15
Let i be (-8574)/(-10) - (52/5 - 11). Suppose i = 472*u - 461*u. Calculate the remainder when u is divided by 20.
18
Suppose 28344 - 2318 = 13*d. Suppose 0 = 30*g - 16*g - d. What is the remainder when g is divided by 30?
23
Suppose -1617 = -67*q - 10*q. What is the remainder when 218 is divided by q?
8
Suppose -19*y - 26*y + 540 = 0. Suppose -4*t = 3*s - 27 - 6, -3*t = -3*s + y. Calculate the remainder when 120 is divided by s.
1
Let k(y) = -79*y + 460. What is the remainder when 402 is divided by k(5)?
12
Suppose v - 5*k + 754 = 2053, 0 = 3*v + k - 3849. What is the remainder when v is divided by 18?
6
Suppose 1385 = -5*j + 82*j - 1156. Calculate the remainder when 1845 is divided by j.
30
Let n(g) = g**3 - 11*g**2 + 19*g - 5. Let v be n(9). Suppose -v*d + 28 + 8 = 0. What is the remainder when (-6)/(-8) + (-660)/(-16) is divided by d?
6
Let d(f) = -f**2 + 19*f - 2. Let u(b) = -82 + 30 + b + 6*b. Let x be u(10). What is the remainder when 76 is divided by d(x)?
12
Let c = 19306 - 18947. Calculate the remainder when c is divided by 9.
8
Calculate the remainder when 10334 - 11/22*(4 + -3)*2 is divided by 4.
1
Let d = -81 - -198. Let y(m) = -m**2 - 440*m + 5934. What is the remainder when d is divided by y(13)?
27
Let l = 65 - 33. Let f = -19952 - -20005. What is the remainder when f is divided by l?
21
What is the remainder when (978 - -3 - -2) + 6 + -12 is divided by 35?
32
Let l(d) = d + 2. Let m be l(-1). Suppose 0 